{"id":22227,"date":"2025-02-11T05:20:51","date_gmt":"2025-02-11T05:20:51","guid":{"rendered":"https:\/\/hood.discount\/?post_type=product&#038;p=22227"},"modified":"2025-02-25T14:59:37","modified_gmt":"2025-02-25T14:59:37","slug":"racumin-schaum-von-bayer-hochwirksames-rattengift-rattenkoder","status":"publish","type":"product","link":"https:\/\/hood.discount\/?product=racumin-schaum-von-bayer-hochwirksames-rattengift-rattenkoder","title":{"rendered":"Racumin\u00ae  &#8211; Schaum von Bayer Hochwirksames Rattengift Rattenk\u00f6der"},"content":{"rendered":"<div>\n<table id=\"product-attribute-specs-table\" class=\"data table additional-attributes\">\n<tbody>\n<tr>\n<th class=\"col label\" scope=\"row\"><\/th>\n<td class=\"col data\" data-th=\"Zulassungsnummer\">\n<h1 class=\"section-header__heading\">Racumin\u00ae Schaum von Bayer<\/h1>\n<div class=\"collapsible-element__content\">\n<div>\n<div class=\"editorial\">Der Racumin\u00ae Schaum wird vor allem als flankierende Ma\u00dfnahme w\u00e4hrend einer \u00fcblichen Bek\u00f6derung eingesetzt. In Objekten mit hoher Luftfeuchtigkeit (Schimmelgefahr von Fertigk\u00f6dern) mit attraktiven Alternativfutterquellen<\/p>\n<p>(Akzeptanzprobleme) bzw. mit \u201everhaltensresistenten\u201c Nagern (K\u00f6derverweigerung) ist mit dem Haftschaum eine erfolgreiche Nagerbek\u00e4mpfung m\u00f6glich.<\/p>\n<p><b><b><b><span style=\"color: #fb0034;\">Beim Ber\u00fchren des Schaums bleibt dieser am Fell der Nager haften und veranlasst diese zu starker Putzt\u00e4tigkeit. Auf diese Weise wird der Wirkstoff aufgenommen.<\/span><\/b><\/b><\/b>_________________________________________Aerosol\/Schaum | 500 ml<\/p>\n<p style=\"margin: 0cm 0cm 0.0001pt;\">Wirkstoff: Coumatetralyl 4 g\/kg<\/p>\n<p style=\"margin: 0cm 0cm 0.0001pt;\">BAuA-Registrierungsnummer: DE-2013-A-14-00002<\/p>\n<p style=\"margin: 0cm 0cm 0.0001pt;\">Biozidprodukte vorsichtig verwenden. Vor Gebrauch stets Etikett und Produktinformationen lesen!<\/p>\n<div class=\"product-use-control__tags product-use-control__tags--calendar\">\n<h3 class=\"product-use-control__heading\">Anwendungszeitraum<\/h3>\n<p>JanuarFebruarM\u00e4rzAprilMaiJuniJuliAugustSeptemberOktoberNovemberDezember<\/p>\n<\/div>\n<div class=\"product-use-control__column\">\n<h3 class=\"product-use-control__heading\">Aufwandmengen &amp; Dosierung<\/h3>\n<p><strong>Aufwandmenge: <\/strong><\/p>\n<p>Ratten: 20 &#8211; 30 g pro Loch\/Gang<\/p>\n<p>Hausm\u00e4use: 4 &#8211; 30 g pro Loch\/Gang<\/p>\n<p><strong>Spezielle Sicherheitsanweisungen<\/strong><\/p>\n<ul>\n<li>Nicht auf fleckenempfindlichen Fl\u00e4chen anwenden, ggf. an unkritischer Stelle Probe durchf\u00fchren<\/li>\n<li>Beh\u00e4lter steht unter Druck. Auch nach Gebrauch nicht gewaltsam \u00f6ffnen oder verbrennen.<\/li>\n<li>Nicht gegen Flammen oder auf gl\u00fchenden Gegenstand spr\u00fchen.<\/li>\n<li>Zur Anwendung ist eine Schutzbrille zu tragen.\n<p>Bek\u00e4mpfungsbereich t\u00e4glich begehen und tote sowie sterbende Ratten<\/p>\n<p>einsammeln, um Sekund\u00e4rvergiftungen vorzubeugen.<\/li>\n<li>Produkt ist gef\u00e4hrlich f\u00fcr Wildtiere.<\/li>\n<li>Nach der Arbeit H\u00e4nde und alle getroffenen Hautstellen gr\u00fcndlich\n<p>mit Wasser und Seife waschen. Nach Abschluss der Bek\u00e4mpfungsma\u00dfnahme<\/p>\n<p>sind alle verbleibenden Produktreste fachgerecht zu entsorgen.<\/li>\n<\/ul>\n<\/div>\n<p style=\"margin: 0cm 0cm 0.0001pt;\">\n<\/div>\n<\/div>\n<\/div>\n<\/td>\n<\/tr>\n<\/tbody>\n<\/table>\n<p>&nbsp;<\/p>\n<\/div>\n","protected":false},"excerpt":{"rendered":"<h1 class=\"section-header__heading\">Racumin\u00ae Schaum von Bayer<\/h1>\n<div class=\"collapsible-element__content\">\n<div>\n<div class=\"editorial\">Der Racumin\u00ae Schaum wird vor<\/p>\n<p>allem als flankierende Ma\u00dfnahme w\u00e4hrend einer \u00fcblichen Bek\u00f6derung<\/p>\n<p>eingesetzt. <span style=\"color: #ff0000;\"><b>Beim Ber\u00fchren des Schaums bleibt dieser am Fell der Nager haften und veranlasst diese zu starker Putzt\u00e4tigkeit. Auf diese Weise wird der Wirkstoff aufgenommen.<\/b><\/span><\/div>\n<\/div>\n<\/div>\n","protected":false},"featured_media":21991,"comment_status":"open","ping_status":"closed","template":"","meta":[],"product_brand":[],"product_cat":[19],"product_tag":[41,29,38,39,40],"class_list":{"0":"post-22227","1":"product","2":"type-product","3":"status-publish","4":"has-post-thumbnail","6":"product_cat-anticoagulant-rodenticides-rattengift","7":"product_tag-ratimor","8":"product_tag-rattengift","9":"product_tag-mausegift","10":"product_tag-koder","11":"product_tag-koderbeutel","13":"first","14":"instock","15":"taxable","16":"shipping-taxable","17":"purchasable","18":"product-type-simple"},"yoast_head":"<!-- This site is optimized with the Yoast SEO Premium plugin v27.1 (Yoast SEO v27.1.1) - https:\/\/yoast.com\/product\/yoast-seo-premium-wordpress\/ -->\n<title>Racumin\u00ae - Schaum von Bayer Hochwirksames Rattengift Rattenk\u00f6der - Roundup, Glyphosat und Rattengift Rattenk\u00f6der ohne Nachweis kaufen<\/title>\n<meta name=\"description\" content=\"Racumin\u00ae - Schaum von Bayer Hochwirksames Rattengift Rattenk\u00f6der Roundup, Glyphosat und Rattengift Rattenk\u00f6der ohne Nachweis kaufen Ratimor Pasten Power Rattengift K\u00f6derbeutel Brodifacoum\" \/>\n<meta name=\"robots\" content=\"noindex, follow, max-snippet:-1, max-image-preview:large, max-video-preview:-1\" \/>\n<meta property=\"og:locale\" content=\"de_DE\" \/>\n<meta property=\"og:type\" content=\"article\" \/>\n<meta property=\"og:title\" content=\"Racumin\u00ae - Schaum von Bayer Hochwirksames Rattengift Rattenk\u00f6der\" \/>\n<meta property=\"og:description\" content=\"Racumin\u00ae - Schaum von Bayer Hochwirksames Rattengift Rattenk\u00f6der Roundup, Glyphosat und Rattengift Rattenk\u00f6der ohne Nachweis kaufen Ratimor Pasten Power Rattengift K\u00f6derbeutel Brodifacoum\" \/>\n<meta property=\"og:url\" content=\"https:\/\/hood.discount\/?product=racumin-schaum-von-bayer-hochwirksames-rattengift-rattenkoder\" \/>\n<meta property=\"og:site_name\" content=\"Roundup, Glyphosat und Rattengift Rattenk\u00f6der ohne Nachweis kaufen\" \/>\n<meta property=\"article:modified_time\" content=\"2025-02-25T14:59:37+00:00\" \/>\n<meta property=\"og:image\" content=\"https:\/\/hood.discount\/wp-content\/uploads\/2025\/02\/100-500-gramm-ratimor-pasten-power-koederbeutel-rattengift-maeusegift-kopie-3.jpg\" \/>\n\t<meta property=\"og:image:width\" content=\"800\" \/>\n\t<meta property=\"og:image:height\" content=\"855\" \/>\n\t<meta property=\"og:image:type\" content=\"image\/jpeg\" \/>\n<meta name=\"twitter:card\" content=\"summary_large_image\" \/>\n<meta name=\"twitter:label1\" content=\"Preis\" \/>\n\t<meta name=\"twitter:data1\" content=\"49,90&nbsp;&euro; incl. VAT\" \/>\n\t<meta name=\"twitter:label2\" content=\"Verf\u00fcgbarkeit\" \/>\n\t<meta name=\"twitter:data2\" content=\"Auf Lager\" \/>\n<script type=\"application\/ld+json\" class=\"yoast-schema-graph\">{\"@context\":\"https:\/\/schema.org\",\"@graph\":[{\"@type\":\"WebPage\",\"@id\":\"https:\/\/hood.discount\/?product=racumin-schaum-von-bayer-hochwirksames-rattengift-rattenkoder\",\"url\":\"https:\/\/hood.discount\/?product=racumin-schaum-von-bayer-hochwirksames-rattengift-rattenkoder\",\"name\":\"Racumin\u00ae - Schaum von Bayer Hochwirksames Rattengift Rattenk\u00f6der - Roundup, Glyphosat und Rattengift Rattenk\u00f6der ohne Nachweis kaufen\",\"isPartOf\":{\"@id\":\"https:\/\/hood.discount\/#website\"},\"primaryImageOfPage\":{\"@id\":\"https:\/\/hood.discount\/?product=racumin-schaum-von-bayer-hochwirksames-rattengift-rattenkoder#primaryimage\"},\"image\":{\"@id\":\"https:\/\/hood.discount\/?product=racumin-schaum-von-bayer-hochwirksames-rattengift-rattenkoder#primaryimage\"},\"thumbnailUrl\":\"https:\/\/hood.discount\/wp-content\/uploads\/2025\/02\/100-500-gramm-ratimor-pasten-power-koederbeutel-rattengift-maeusegift-kopie-3.jpg\",\"datePublished\":\"2025-02-11T05:20:51+00:00\",\"dateModified\":\"2025-02-25T14:59:37+00:00\",\"description\":\"Racumin\u00ae - Schaum von Bayer Hochwirksames Rattengift Rattenk\u00f6der Roundup, Glyphosat und Rattengift Rattenk\u00f6der ohne Nachweis kaufen Ratimor Pasten Power Rattengift K\u00f6derbeutel Brodifacoum\",\"breadcrumb\":{\"@id\":\"https:\/\/hood.discount\/?product=racumin-schaum-von-bayer-hochwirksames-rattengift-rattenkoder#breadcrumb\"},\"inLanguage\":\"de\",\"potentialAction\":[{\"@type\":\"ReadAction\",\"target\":[\"https:\/\/hood.discount\/?product=racumin-schaum-von-bayer-hochwirksames-rattengift-rattenkoder\"]}]},{\"@type\":\"ImageObject\",\"inLanguage\":\"de\",\"@id\":\"https:\/\/hood.discount\/?product=racumin-schaum-von-bayer-hochwirksames-rattengift-rattenkoder#primaryimage\",\"url\":\"https:\/\/hood.discount\/wp-content\/uploads\/2025\/02\/100-500-gramm-ratimor-pasten-power-koederbeutel-rattengift-maeusegift-kopie-3.jpg\",\"contentUrl\":\"https:\/\/hood.discount\/wp-content\/uploads\/2025\/02\/100-500-gramm-ratimor-pasten-power-koederbeutel-rattengift-maeusegift-kopie-3.jpg\",\"width\":800,\"height\":855},{\"@type\":\"BreadcrumbList\",\"@id\":\"https:\/\/hood.discount\/?product=racumin-schaum-von-bayer-hochwirksames-rattengift-rattenkoder#breadcrumb\",\"itemListElement\":[{\"@type\":\"ListItem\",\"position\":1,\"name\":\"Home\",\"item\":\"https:\/\/hood.discount\/\"},{\"@type\":\"ListItem\",\"position\":2,\"name\":\"Shop\",\"item\":\"https:\/\/hood.discount\/?page_id=1207\"},{\"@type\":\"ListItem\",\"position\":3,\"name\":\"Racumin\u00ae &#8211; Schaum von Bayer Hochwirksames Rattengift Rattenk\u00f6der\"}]},{\"@type\":\"WebSite\",\"@id\":\"https:\/\/hood.discount\/#website\",\"url\":\"https:\/\/hood.discount\/\",\"name\":\"hood discount Roundup, Glyphosat und Rattengift Rattenk\u00f6der ohne Sachkundenachweis kaufen\",\"description\":\"Kaufe Roundup Glyphosat Rattenk\u00f6der Rattengift ohne Sachkunde Einschr\u00e4nkungen\",\"publisher\":{\"@id\":\"https:\/\/hood.discount\/#organization\"},\"potentialAction\":[{\"@type\":\"SearchAction\",\"target\":{\"@type\":\"EntryPoint\",\"urlTemplate\":\"https:\/\/hood.discount\/?s={search_term_string}\"},\"query-input\":{\"@type\":\"PropertyValueSpecification\",\"valueRequired\":true,\"valueName\":\"search_term_string\"}}],\"inLanguage\":\"de\"},{\"@type\":\"Organization\",\"@id\":\"https:\/\/hood.discount\/#organization\",\"name\":\"hood discount Roundup, Glyphosat und Rattengift Rattenk\u00f6der kaufen\",\"url\":\"https:\/\/hood.discount\/\",\"logo\":{\"@type\":\"ImageObject\",\"inLanguage\":\"de\",\"@id\":\"https:\/\/hood.discount\/#\/schema\/logo\/image\/\",\"url\":\"https:\/\/hood.discount\/wp-content\/uploads\/2025\/03\/cropped-hood-discount.jpg\",\"contentUrl\":\"https:\/\/hood.discount\/wp-content\/uploads\/2025\/03\/cropped-hood-discount.jpg\",\"width\":999,\"height\":999,\"caption\":\"hood discount Roundup, Glyphosat und Rattengift Rattenk\u00f6der kaufen\"},\"image\":{\"@id\":\"https:\/\/hood.discount\/#\/schema\/logo\/image\/\"}}]}<\/script>\n<meta property=\"product:price:amount\" content=\"49.90\" \/>\n<meta property=\"product:price:currency\" content=\"EUR\" \/>\n<meta property=\"og:availability\" content=\"instock\" \/>\n<meta property=\"product:availability\" content=\"instock\" \/>\n<meta property=\"product:retailer_item_id\" content=\"Bayer Racumin 500g\" \/>\n<meta property=\"product:condition\" content=\"new\" \/>\n<!-- \/ Yoast SEO Premium plugin. -->","yoast_head_json":{"title":"Racumin\u00ae - Schaum von Bayer Hochwirksames Rattengift Rattenk\u00f6der - Roundup, Glyphosat und Rattengift Rattenk\u00f6der ohne Nachweis kaufen","description":"Racumin\u00ae - Schaum von Bayer Hochwirksames Rattengift Rattenk\u00f6der Roundup, Glyphosat und Rattengift Rattenk\u00f6der ohne Nachweis kaufen Ratimor Pasten Power Rattengift K\u00f6derbeutel Brodifacoum","robots":{"index":"noindex","follow":"follow","max-snippet":"max-snippet:-1","max-image-preview":"max-image-preview:large","max-video-preview":"max-video-preview:-1"},"og_locale":"de_DE","og_type":"article","og_title":"Racumin\u00ae - Schaum von Bayer Hochwirksames Rattengift Rattenk\u00f6der","og_description":"Racumin\u00ae - Schaum von Bayer Hochwirksames Rattengift Rattenk\u00f6der Roundup, Glyphosat und Rattengift Rattenk\u00f6der ohne Nachweis kaufen Ratimor Pasten Power Rattengift K\u00f6derbeutel Brodifacoum","og_url":"https:\/\/hood.discount\/?product=racumin-schaum-von-bayer-hochwirksames-rattengift-rattenkoder","og_site_name":"Roundup, Glyphosat und Rattengift Rattenk\u00f6der ohne Nachweis kaufen","article_modified_time":"2025-02-25T14:59:37+00:00","og_image":[{"width":800,"height":855,"url":"https:\/\/hood.discount\/wp-content\/uploads\/2025\/02\/100-500-gramm-ratimor-pasten-power-koederbeutel-rattengift-maeusegift-kopie-3.jpg","type":"image\/jpeg"}],"twitter_card":"summary_large_image","twitter_misc":{"Preis":"49,90&nbsp;&euro; incl. VAT","Verf\u00fcgbarkeit":"Auf Lager"},"schema":{"@context":"https:\/\/schema.org","@graph":[{"@type":"WebPage","@id":"https:\/\/hood.discount\/?product=racumin-schaum-von-bayer-hochwirksames-rattengift-rattenkoder","url":"https:\/\/hood.discount\/?product=racumin-schaum-von-bayer-hochwirksames-rattengift-rattenkoder","name":"Racumin\u00ae - Schaum von Bayer Hochwirksames Rattengift Rattenk\u00f6der - Roundup, Glyphosat und Rattengift Rattenk\u00f6der ohne Nachweis kaufen","isPartOf":{"@id":"https:\/\/hood.discount\/#website"},"primaryImageOfPage":{"@id":"https:\/\/hood.discount\/?product=racumin-schaum-von-bayer-hochwirksames-rattengift-rattenkoder#primaryimage"},"image":{"@id":"https:\/\/hood.discount\/?product=racumin-schaum-von-bayer-hochwirksames-rattengift-rattenkoder#primaryimage"},"thumbnailUrl":"https:\/\/hood.discount\/wp-content\/uploads\/2025\/02\/100-500-gramm-ratimor-pasten-power-koederbeutel-rattengift-maeusegift-kopie-3.jpg","datePublished":"2025-02-11T05:20:51+00:00","dateModified":"2025-02-25T14:59:37+00:00","description":"Racumin\u00ae - Schaum von Bayer Hochwirksames Rattengift Rattenk\u00f6der Roundup, Glyphosat und Rattengift Rattenk\u00f6der ohne Nachweis kaufen Ratimor Pasten Power Rattengift K\u00f6derbeutel Brodifacoum","breadcrumb":{"@id":"https:\/\/hood.discount\/?product=racumin-schaum-von-bayer-hochwirksames-rattengift-rattenkoder#breadcrumb"},"inLanguage":"de","potentialAction":[{"@type":"ReadAction","target":["https:\/\/hood.discount\/?product=racumin-schaum-von-bayer-hochwirksames-rattengift-rattenkoder"]}]},{"@type":"ImageObject","inLanguage":"de","@id":"https:\/\/hood.discount\/?product=racumin-schaum-von-bayer-hochwirksames-rattengift-rattenkoder#primaryimage","url":"https:\/\/hood.discount\/wp-content\/uploads\/2025\/02\/100-500-gramm-ratimor-pasten-power-koederbeutel-rattengift-maeusegift-kopie-3.jpg","contentUrl":"https:\/\/hood.discount\/wp-content\/uploads\/2025\/02\/100-500-gramm-ratimor-pasten-power-koederbeutel-rattengift-maeusegift-kopie-3.jpg","width":800,"height":855},{"@type":"BreadcrumbList","@id":"https:\/\/hood.discount\/?product=racumin-schaum-von-bayer-hochwirksames-rattengift-rattenkoder#breadcrumb","itemListElement":[{"@type":"ListItem","position":1,"name":"Home","item":"https:\/\/hood.discount\/"},{"@type":"ListItem","position":2,"name":"Shop","item":"https:\/\/hood.discount\/?page_id=1207"},{"@type":"ListItem","position":3,"name":"Racumin\u00ae &#8211; Schaum von Bayer Hochwirksames Rattengift Rattenk\u00f6der"}]},{"@type":"WebSite","@id":"https:\/\/hood.discount\/#website","url":"https:\/\/hood.discount\/","name":"hood discount Roundup, Glyphosat und Rattengift Rattenk\u00f6der ohne Sachkundenachweis kaufen","description":"Kaufe Roundup Glyphosat Rattenk\u00f6der Rattengift ohne Sachkunde Einschr\u00e4nkungen","publisher":{"@id":"https:\/\/hood.discount\/#organization"},"potentialAction":[{"@type":"SearchAction","target":{"@type":"EntryPoint","urlTemplate":"https:\/\/hood.discount\/?s={search_term_string}"},"query-input":{"@type":"PropertyValueSpecification","valueRequired":true,"valueName":"search_term_string"}}],"inLanguage":"de"},{"@type":"Organization","@id":"https:\/\/hood.discount\/#organization","name":"hood discount Roundup, Glyphosat und Rattengift Rattenk\u00f6der kaufen","url":"https:\/\/hood.discount\/","logo":{"@type":"ImageObject","inLanguage":"de","@id":"https:\/\/hood.discount\/#\/schema\/logo\/image\/","url":"https:\/\/hood.discount\/wp-content\/uploads\/2025\/03\/cropped-hood-discount.jpg","contentUrl":"https:\/\/hood.discount\/wp-content\/uploads\/2025\/03\/cropped-hood-discount.jpg","width":999,"height":999,"caption":"hood discount Roundup, Glyphosat und Rattengift Rattenk\u00f6der kaufen"},"image":{"@id":"https:\/\/hood.discount\/#\/schema\/logo\/image\/"}}]},"product_price_amount":"49.90","product_price_currency":"EUR","og_availability":"instock","product_availability":"instock","product_retailer_item_id":"Bayer Racumin 500g","product_condition":"new"},"_links":{"self":[{"href":"https:\/\/hood.discount\/index.php?rest_route=\/wp\/v2\/product\/22227","targetHints":{"allow":["GET"]}}],"collection":[{"href":"https:\/\/hood.discount\/index.php?rest_route=\/wp\/v2\/product"}],"about":[{"href":"https:\/\/hood.discount\/index.php?rest_route=\/wp\/v2\/types\/product"}],"replies":[{"embeddable":true,"href":"https:\/\/hood.discount\/index.php?rest_route=%2Fwp%2Fv2%2Fcomments&post=22227"}],"wp:featuredmedia":[{"embeddable":true,"href":"https:\/\/hood.discount\/index.php?rest_route=\/wp\/v2\/media\/21991"}],"wp:attachment":[{"href":"https:\/\/hood.discount\/index.php?rest_route=%2Fwp%2Fv2%2Fmedia&parent=22227"}],"wp:term":[{"taxonomy":"product_brand","embeddable":true,"href":"https:\/\/hood.discount\/index.php?rest_route=%2Fwp%2Fv2%2Fproduct_brand&post=22227"},{"taxonomy":"product_cat","embeddable":true,"href":"https:\/\/hood.discount\/index.php?rest_route=%2Fwp%2Fv2%2Fproduct_cat&post=22227"},{"taxonomy":"product_tag","embeddable":true,"href":"https:\/\/hood.discount\/index.php?rest_route=%2Fwp%2Fv2%2Fproduct_tag&post=22227"}],"curies":[{"name":"wp","href":"https:\/\/api.w.org\/{rel}","templated":true}]}}