{"id":22218,"date":"2025-02-11T05:20:46","date_gmt":"2025-02-11T05:20:46","guid":{"rendered":"https:\/\/hood.discount\/?post_type=product&#038;p=22218"},"modified":"2025-02-25T14:59:38","modified_gmt":"2025-02-25T14:59:38","slug":"bayer-rodeo-plus-5-liter-unkrautvernichter-unkrautfrei-glyphosat","status":"publish","type":"product","link":"https:\/\/hood.discount\/?product=bayer-rodeo-plus-5-liter-unkrautvernichter-unkrautfrei-glyphosat","title":{"rendered":"BAYER\u00ae RODEO Plus 5 Liter Unkrautvernichter Unkrautfrei Glyphosat"},"content":{"rendered":"<h2 class=\"western\">BAYER\u00ae RODEO Plus \u2013 Erfolg hat einen Namen<\/h2>\n<p>BAYER\u00ae RODEO Plus wurde nach neuesten wissenschaftlichen Erkenntnissen entwickelt.<\/p>\n<p>GEBRAUCHSANWEISUNG<\/p>\n<p>WICHTIG: Diese Informationen sind als Teil des Produktetiketts zugelassen. Alle Anweisungen in diesem Abschnitt m\u00fcssen sorgf\u00e4ltig gelesen werden, um eine sichere und erfolgreiche Verwendung dieses Produkts zu gew\u00e4hrleisten.<\/p>\n<p>Warnhinweise<\/p>\n<p>\u00c4USSERSTE VORSICHT IST GEBOTEN, UM SPR\u00dcHDRIFT ZU VERMEIDEN, DA DIESE BENACHBARTE KULTUREN ODER PFLANZEN SCHWER SCH\u00c4DIGEN KANN.<\/p>\n<p>RODEO NICHT IN VERZINKTEN ODER NICHT AUSGEKLEIDETEN STAHLBEH\u00c4LTERN ODER SPRITZTANKS MISCHEN, LAGERN ODER AUSBRINGEN.<\/p>\n<p>Spritzmischungen NICHT \u00fcber einen l\u00e4ngeren Zeitraum im Tank belassen und sicherstellen, dass die Tanks gut bel\u00fcftet sind.<\/p>\n<p>Beschr\u00e4nkungen<\/p>\n<p>Nach der Anwendung von Rodeo muss ein Zeitraum von mindestens 6 Stunden, vorzugsweise 24 Stunden, regenfrei sein.<\/p>\n<p>Nicht auf Unkr\u00e4uter spr\u00fchen, die von Natur aus seneszent sind oder deren Wachstum durch Trockenheit, hohe Temperaturen, eine Staubschicht, \u00dcberschwemmungen oder Frost bei oder unmittelbar nach der Anwendung beeintr\u00e4chtigt ist, da sonst eine schlechte Bek\u00e4mpfung die Folge sein kann.<\/p>\n<p>Nicht bei Wind spr\u00fchen, da die Abdrift auf die gew\u00fcnschten Pflanzen oder die Vegetation diese schwer sch\u00e4digen oder zerst\u00f6ren kann.<\/p>\n<p>Nach der Anwendung sollten gro\u00dfe Konzentrationen von verrottendem Laub, Ausl\u00e4ufern, Wurzeln oder Rhizomen zerstreut oder durch gr\u00fcndliche Bodenbearbeitung vor der Aussaat vergraben werden.<\/p>\n<p>Mit der Ausbringung von Kalk, D\u00fcnger, Stalld\u00fcnger und Pestiziden sollte bis zu 5 Tage nach der Ausbringung von RODEO gewartet werden, es sei denn, der Anbau und die Aussaat der n\u00e4chsten Kultur sind bereits erfolgt.<\/p>\n<p>Bek\u00e4mpftes Unkraut<\/p>\n<p>RODEO Herbizid bek\u00e4mpft die meisten aufkommenden Gr\u00e4ser und breitbl\u00e4ttrigen Unkr\u00e4uter. Es ist wichtig, dass sich alle Unkr\u00e4uter zum Zeitpunkt der Behandlung im richtigen Wachstumsstadium befinden, da es sonst zu einem erneuten Wachstum kommen kann, das eine erneute Behandlung erforderlich macht. RODEO Herbizid wird dort eingesetzt, wo die Gr\u00e4ser und breitbl\u00e4ttrigen Unkr\u00e4uter vollst\u00e4ndig aufgegangen sind und aktiv wachsende gr\u00fcne Bl\u00e4tter haben.<\/p>\n<p>Ganzj\u00e4hrig wachsende Gr\u00e4ser m\u00fcssen gesunde, gr\u00fcne Bl\u00e4tter aufweisen (die Gemeine Quecke beispielsweise wird zu Beginn der Bestockung und des neuen Rhizomwachstums anf\u00e4llig, was in der Regel eintritt, wenn die Pflanzen 4-5 Bl\u00e4tter mit jeweils 10-15 cm neuem Wachstum aufweisen).<\/p>\n<p>Die Anf\u00e4lligkeit von mehrj\u00e4hrigem, breitbl\u00e4ttrigem Unkraut ist um die Bl\u00fctezeit am gr\u00f6\u00dften.<\/p>\n<p>Einj\u00e4hrige Gr\u00e4ser und breitbl\u00e4ttrige Unkr\u00e4uter sollten mindestens 5 cm Bl\u00e4tter bzw. 2 ausgewachsene echte Bl\u00e4tter haben. Auf stillgelegten Fl\u00e4chen werden einj\u00e4hrige Gr\u00e4ser am besten zum Zeitpunkt des vollen \u00c4hrenschiebens oder vor der St\u00e4ngelstreckung behandelt. Bei einj\u00e4hrigen Gr\u00e4sern, die zwischen Ende April und Ende Mai behandelt werden, kann die Behandlung in der Phase der St\u00e4ngelstreckung, z. B. bei Borstgras und Brome-Arten, zu einer unzureichenden Bek\u00e4mpfung f\u00fchren und eine erneute Behandlung erforderlich machen.<\/p>\n<p>BRACKEN sollte nach dem Entfalten der Wedelspitzen, aber vor der Seneszenz behandelt werden.<\/p>\n<p>ANDERE ARTEN &#8211; Empfehlungen f\u00fcr bestimmte Anwendungsgebiete finden Sie in den Empfehlungstabellen &#8211; Dieses Produkt f\u00fchrt nicht zu einer akzeptablen Bek\u00e4mpfung von Schachtelhalmen (Equisetum arvense) &#8211; eine erneute Behandlung ist erforderlich.<\/p>\n<p align=\"justify\"><strong>Nachkulturen<\/strong><\/p>\n<p align=\"justify\"><strong>Bei der Bodenadsorption gehen die herbiziden Eigenschaften von Rodeo verloren, so dass 48 Stunden nach der Anwendung die Aussaat von Kulturen m\u00f6glich ist.<\/strong><\/p>\n<p align=\"justify\"><strong>Spr\u00fchger\u00e4te-Hygiene<\/strong><\/p>\n<p align=\"justify\"><strong>Zwischen der Anwendung dieses Produkts und anderer Pestizide m\u00fcssen die Spr\u00fchbeh\u00e4lter, Pumpen und Rohrleitungen sowie die D\u00fcsen- und Scheibensysteme unbedingt mit einem empfohlenen Reinigungsmittel gr\u00fcndlich gereinigt werden, um eine Kontamination durch Pestizidr\u00fcckst\u00e4nde zu vermeiden. Spuren von Rodeo, die in der Ausr\u00fcstung verbleiben, k\u00f6nnen die sp\u00e4ter gespritzten Kulturen ernsthaft sch\u00e4digen oder zerst\u00f6ren.<\/strong><\/p>\n<p align=\"justify\"><b>Mischen und Spr\u00fchen<\/b><\/p>\n<p align=\"justify\">Alle Spr\u00fchger\u00e4te m\u00fcssen vor der Ausbringung unter Feld- oder Anwendungsbedingungen korrekt kalibriert werden. a) Konventionelle hydraulische Spr\u00fchger\u00e4te Es k\u00f6nnen R\u00fcckensackspr\u00fchger\u00e4te und an den Traktor angebaute oder motorisierte Spr\u00fchger\u00e4te verwendet werden. Diese sollten in der Lage sein, 80-400 l\/ha in einem Druckbereich von 1,5-2,5 bar (20-35 psi) genau auszubringen.<\/p>\n<p align=\"justify\">Ausbringung mittlerer Mengen (150-300 l\/ha)<\/p>\n<p align=\"justify\">Vermeiden Sie hohe Wassermengen (&gt; 300 l\/ha), da diese zu einem Ablaufen der behandelten Vegetation f\u00fchren k\u00f6nnen, was eine verminderte Bek\u00e4mpfung zur Folge hat. Es sollten D\u00fcsen verwendet werden, die einen mittleren oder groben Spr\u00fchnebel erzeugen (BCPC-Definition), um das Risiko der Abdrift zu minimieren: Knapsack Hypro AN 2.0, AN 4.0 Cooper Pegler Floodjet gr\u00fcn, rot; Traktor Hypro 04-F110, 08-F110 Tee Jet 11004, 11008<\/p>\n<p align=\"justify\">Geringe Ausbringungsmenge (mindestens 80 l\/ha)<\/p>\n<p align=\"justify\">Eine geringe Ausbringungsmenge kann durch eine Reduzierung des Drucks und eine geeignete D\u00fcsenwahl erreicht werden. Es sollten abdriftarme D\u00fcsen verwendet werden, die einen mittleren Spr\u00fchstrahl erzeugen (BCPC-Definition), um das Abdriftrisiko zu minimieren: Knapsack Cooper Pegler VLV 100 Hypro AN 1.0; Tractor Hypro Lo Drift<\/p>\n<p align=\"justify\">Bef\u00fcllen der Spritze<\/p>\n<p align=\"justify\">Knapsack F\u00fcllen Sie den Spritzbeh\u00e4lter zur H\u00e4lfte mit sauberem Wasser, f\u00fcgen Sie die richtige Menge RODEO hinzu und f\u00fcllen Sie Wasser nach. Gr\u00fcndlich mischen. &#8211;<\/p>\n<p align=\"justify\">Traktormontage Um Schaumbildung zu vermeiden, den Beh\u00e4lter nicht von oben r\u00fchren. F\u00fcllen Sie den Spritzentank zur H\u00e4lfte mit sauberem Wasser, beginnen Sie mit einem leichten R\u00fchrvorgang und geben Sie dann die richtige Menge RODEO hinzu. F\u00fcllen Sie den Tank bis zur gew\u00fcnschten Menge mit Wasser auf. Die Verwendung eines Entsch\u00e4umers kann erforderlich sein.<\/p>\n<p align=\"justify\">b) Rotationszerst\u00e4uber &#8211; f\u00fcr den Einsatz in Obstplantagen<\/p>\n<p align=\"justify\">Bei der Verwendung von Rotationszerst\u00e4ubern zur Ausbringung von RODEO ist darauf zu achten, dass der Tr\u00f6pfchendurchmesser bei allen Anwendungen im Bereich von 200-300 Mikron liegt.<\/p>\n<p align=\"justify\">c) Handgehaltene Wischer<\/p>\n<p align=\"justify\">RODEO kann mit dem Unkrautwischer mini ausgebracht werden. Verwenden Sie eine Konzentration von 1 Teil RODEO auf 2 Teile Wasser und f\u00fcgen Sie bei Bedarf einen scharlachroten Farbstoff hinzu. Es sollte darauf geachtet werden, dass es nicht auf die gew\u00fcnschte Vegetation tropft.<\/p>\n<p align=\"justify\">d) Anwendung bei abgeschnittenen St\u00fcmpfen<\/p>\n<p align=\"justify\">Enso-Aufsatz f\u00fcr Rotationss\u00e4gen: Diese Technik ist speziell f\u00fcr die Entbuschung in der Forstwirtschaft geeignet. RODEO kann ein wasserl\u00f6slicher Farbstoff zugesetzt werden, um die behandelten St\u00fcmpfe zu identifizieren.<\/p>\n<p align=\"left\">HANDGEHALTENE GER\u00c4TE: SPEZIFISCHE LEITLINIEN<\/p>\n<p>e) R\u00fcckenspritzen-Applikatoren<\/p>\n<p>Die meisten R\u00fcckenspritzen liefern 200 l\/ha Spr\u00fchvolumen (oder 10 l pro 500 m\u00b2), wenn sie mit einer Gehgeschwindigkeit von 1 m\/sec einen Schwad von 1 m Breite ausbringen. Um 4,0 l\/ha RODEO auszubringen, verwenden Sie daher eine 2%ige L\u00f6sung (z. B. 200 ml RODEO auf 10 l). Wenn sie wie oben beschrieben verwendet werden, liefern R\u00fcckenspritzen mit kleinvolumigen D\u00fcsen typischerweise 100 l\/ha Spr\u00fchvolumen (oder 10 Liter pro 1000 m\u00b2). Um in diesem Fall 4,0 l\/ha RODEO auszubringen, verwenden Sie eine 4%ige L\u00f6sung.<\/p>\n<p>Bef\u00fcllen der Spritze &#8211; handgef\u00fchrte Maschinen<\/p>\n<p>R\u00fchren Sie die richtige Menge RODEO in das halb mit sauberem Wasser gef\u00fcllte Spr\u00fchger\u00e4t ein. F\u00fcllen Sie Wasser nach, schlie\u00dfen Sie den Deckel und sch\u00fctteln Sie vorsichtig, um eine gute Durchmischung zu gew\u00e4hrleisten.<\/p>\n<p>f) Spot-Gun-Applikatoren &#8211; zur Behandlung einzelner Unkr\u00e4uter<\/p>\n<p>5 ml Spray mit einer TG-3 oder TG-5 D\u00fcse mit engem Kegel auf das Zielunkraut auftragen.<\/p>\n<p><b>Kompatibilit\u00e4t<\/b><\/p>\n<p>Rodeo darf nicht mit Hilfsstoffen, Pestiziden oder D\u00fcngemitteln gemischt werden, es sei denn, dies wird von Monsanto empfohlen. Aktuelle Informationen \u00fcber kompatible Produkte erhalten Sie bei Monsanto UK Limited (Tel.: 01954 717575). RODEO ist mit Gemisch B (ADJ 0161) kompatibel. Bei Verwendung konventioneller hydraulischer Spr\u00fchger\u00e4te kann Mischung B der Spr\u00fchtankl\u00f6sung in einer Menge von 2 % des endg\u00fcltigen Wasservolumens zugesetzt werden, und zwar nur f\u00fcr alle gerichteten Spritzungen vor und nach der Pflanze. NICHT MIT MISCHUNG\u00a0 B AUF ESSBARE KULTUREN ODER UNKR\u00c4UTER IM GRAS ANWENDEN. Bei Verwendung von Rotationszerst\u00e4ubern darf RODEO nicht in den Tank gemischt werden.<\/p>\n<p><span style=\"color: #ff6600;\"><span style=\"font-family: inherit;\"><span style=\"font-size: medium;\"><span style=\"font-size: large;\">Im Falle von Produkten, die Pflanzenschutzmittel sind kann die Bestellung und der Abschluss des Kaufvertrags nur von Kunden vorgenommen werden, die nat\u00fcrliche Personen sind, die voll gesch\u00e4ftsf\u00e4hig sind und die \u00fcber die jeweiligen national vorgeschriebenen Qualifikationen zum Kauf und der Verwendung dieser Mittel verf\u00fcgen.<\/span><\/span><\/span><\/span><\/p>\n<p><a rel=\"nofollow\" name=\"mitteldaten\"><\/a><\/p>\n<p><em><strong>\u00a0<\/strong><\/em><\/p>\n","protected":false},"excerpt":{"rendered":"<div class=\"content listing--content\">\n<h3>Roundup Produkte superg\u00fcnstig einkaufen<\/h3>\n<p>Agro-Fluid ist ein Unternehmen, das die Roundup Produkte zu g\u00fcnstigen Gro\u00dfhandelspreisen <strong>online<\/strong> vertreibt. Unsere Kunden kommen aus allen Branchen wie Landwirtschaft, Garten- &amp; Landschaftsbau, Hausmeisterdiensten, Facilityservices u.v.m. Wir verteiben nur die <strong>ORIGINALPRODUKTE<\/strong> in der <strong>ORIGINALVERPACKUNG<\/strong>. Treten Sie mit uns in Verbindung, wir beraten Sie gerne weiterf\u00fchrend!<\/p>\n<p>Durch den Kauf bei uns und dem kostenlosen t\u00e4glichen Expressversand erhalten Sie alle Produkte zu konkurrenzlosen Preisen. Bitte beachten Sie dazu unsere Angaben zum Versand und die Lieferbedingungen!<\/p>\n<h2 class=\"western\">BAYER\u00ae RODEO Plus \u2013 Erfolg hat einen Namen<\/h2>\n<p>BAYER\u00ae RODEO Plus wurde nach neuesten wissenschaftlichen Erkenntnissen entwickelt.<\/p>\n<\/div>\n<p>RODEO Herbizid bek\u00e4mpft die meisten aufkommenden Gr\u00e4ser und breitbl\u00e4ttrigen Unkr\u00e4uter. Es ist wichtig, dass sich alle Unkr\u00e4uter zum Zeitpunkt der Behandlung im richtigen Wachstumsstadium befinden, da es sonst zu einem erneuten Wachstum kommen kann, das eine erneute Behandlung erforderlich macht. RODEO Herbizid wird dort eingesetzt, wo die Gr\u00e4ser und breitbl\u00e4ttrigen Unkr\u00e4uter vollst\u00e4ndig aufgegangen sind und aktiv wachsende gr\u00fcne Bl\u00e4tter haben.<\/p>\n","protected":false},"featured_media":21973,"comment_status":"open","ping_status":"closed","template":"","meta":[],"product_brand":[],"product_cat":[27],"product_tag":[49,66,67,72,73,74,75],"class_list":{"0":"post-22218","1":"product","2":"type-product","3":"status-publish","4":"has-post-thumbnail","6":"product_cat-unkrautfrei-unkrautvernichter-glyphosat-roundup-halvetic-gallup-roundup-produkte","7":"product_tag-bayer","8":"product_tag-monsanto","9":"product_tag-roundup","10":"product_tag-herbizid","11":"product_tag-rodeo","12":"product_tag-rodeo-plus","13":"product_tag-glyphosat","15":"first","16":"instock","17":"taxable","18":"shipping-taxable","19":"purchasable","20":"product-type-simple"},"yoast_head":"<!-- This site is optimized with the Yoast SEO Premium plugin v27.1 (Yoast SEO v27.1.1) - https:\/\/yoast.com\/product\/yoast-seo-premium-wordpress\/ -->\n<title>BAYER\u00ae RODEO Plus 5 Liter Unkrautvernichter Unkrautfrei Glyphosat - Roundup, Glyphosat und Rattengift Rattenk\u00f6der ohne Nachweis kaufen<\/title>\n<meta name=\"description\" content=\"BAYER\u00ae RODEO Plus 5 Liter Unkrautvernichter Unkrautfrei Glyphosat Roundup, Glyphosat und Rattengift Rattenk\u00f6der ohne Nachweis kaufen Roundup ohne Sachkundenachweis kaufen\" \/>\n<meta name=\"robots\" content=\"noindex, follow, max-snippet:-1, max-image-preview:large, max-video-preview:-1\" \/>\n<meta property=\"og:locale\" content=\"de_DE\" \/>\n<meta property=\"og:type\" content=\"article\" \/>\n<meta property=\"og:title\" content=\"BAYER\u00ae RODEO Plus 5 Liter Unkrautvernichter Unkrautfrei Glyphosat\" \/>\n<meta property=\"og:description\" content=\"BAYER\u00ae RODEO Plus 5 Liter Unkrautvernichter Unkrautfrei Glyphosat Roundup, Glyphosat und Rattengift Rattenk\u00f6der ohne Nachweis kaufen Roundup ohne Sachkundenachweis kaufen\" \/>\n<meta property=\"og:url\" content=\"https:\/\/hood.discount\/?product=bayer-rodeo-plus-5-liter-unkrautvernichter-unkrautfrei-glyphosat\" \/>\n<meta property=\"og:site_name\" content=\"Roundup, Glyphosat und Rattengift Rattenk\u00f6der ohne Nachweis kaufen\" \/>\n<meta property=\"article:modified_time\" content=\"2025-02-25T14:59:38+00:00\" \/>\n<meta property=\"og:image\" content=\"https:\/\/hood.discount\/wp-content\/uploads\/2025\/02\/bayer-rodeo-plus-5-liter-unkrautvernichter-unkrautfrei-glyphosat-2.jpg\" \/>\n\t<meta property=\"og:image:width\" content=\"242\" \/>\n\t<meta property=\"og:image:height\" content=\"360\" \/>\n\t<meta property=\"og:image:type\" content=\"image\/jpeg\" \/>\n<meta name=\"twitter:card\" content=\"summary_large_image\" \/>\n<meta name=\"twitter:label1\" content=\"Preis\" \/>\n\t<meta name=\"twitter:data1\" content=\"129,90&nbsp;&euro; incl. VAT\" \/>\n\t<meta name=\"twitter:label2\" content=\"Verf\u00fcgbarkeit\" \/>\n\t<meta name=\"twitter:data2\" content=\"Auf Lager\" \/>\n<script type=\"application\/ld+json\" class=\"yoast-schema-graph\">{\"@context\":\"https:\/\/schema.org\",\"@graph\":[{\"@type\":\"WebPage\",\"@id\":\"https:\/\/hood.discount\/?product=bayer-rodeo-plus-5-liter-unkrautvernichter-unkrautfrei-glyphosat\",\"url\":\"https:\/\/hood.discount\/?product=bayer-rodeo-plus-5-liter-unkrautvernichter-unkrautfrei-glyphosat\",\"name\":\"BAYER\u00ae RODEO Plus 5 Liter Unkrautvernichter Unkrautfrei Glyphosat - Roundup, Glyphosat und Rattengift Rattenk\u00f6der ohne Nachweis kaufen\",\"isPartOf\":{\"@id\":\"https:\/\/hood.discount\/#website\"},\"primaryImageOfPage\":{\"@id\":\"https:\/\/hood.discount\/?product=bayer-rodeo-plus-5-liter-unkrautvernichter-unkrautfrei-glyphosat#primaryimage\"},\"image\":{\"@id\":\"https:\/\/hood.discount\/?product=bayer-rodeo-plus-5-liter-unkrautvernichter-unkrautfrei-glyphosat#primaryimage\"},\"thumbnailUrl\":\"https:\/\/hood.discount\/wp-content\/uploads\/2025\/02\/bayer-rodeo-plus-5-liter-unkrautvernichter-unkrautfrei-glyphosat-2.jpg\",\"datePublished\":\"2025-02-11T05:20:46+00:00\",\"dateModified\":\"2025-02-25T14:59:38+00:00\",\"description\":\"BAYER\u00ae RODEO Plus 5 Liter Unkrautvernichter Unkrautfrei Glyphosat Roundup, Glyphosat und Rattengift Rattenk\u00f6der ohne Nachweis kaufen Roundup ohne Sachkundenachweis kaufen\",\"breadcrumb\":{\"@id\":\"https:\/\/hood.discount\/?product=bayer-rodeo-plus-5-liter-unkrautvernichter-unkrautfrei-glyphosat#breadcrumb\"},\"inLanguage\":\"de\",\"potentialAction\":[{\"@type\":\"ReadAction\",\"target\":[\"https:\/\/hood.discount\/?product=bayer-rodeo-plus-5-liter-unkrautvernichter-unkrautfrei-glyphosat\"]}]},{\"@type\":\"ImageObject\",\"inLanguage\":\"de\",\"@id\":\"https:\/\/hood.discount\/?product=bayer-rodeo-plus-5-liter-unkrautvernichter-unkrautfrei-glyphosat#primaryimage\",\"url\":\"https:\/\/hood.discount\/wp-content\/uploads\/2025\/02\/bayer-rodeo-plus-5-liter-unkrautvernichter-unkrautfrei-glyphosat-2.jpg\",\"contentUrl\":\"https:\/\/hood.discount\/wp-content\/uploads\/2025\/02\/bayer-rodeo-plus-5-liter-unkrautvernichter-unkrautfrei-glyphosat-2.jpg\",\"width\":242,\"height\":360},{\"@type\":\"BreadcrumbList\",\"@id\":\"https:\/\/hood.discount\/?product=bayer-rodeo-plus-5-liter-unkrautvernichter-unkrautfrei-glyphosat#breadcrumb\",\"itemListElement\":[{\"@type\":\"ListItem\",\"position\":1,\"name\":\"Home\",\"item\":\"https:\/\/hood.discount\/\"},{\"@type\":\"ListItem\",\"position\":2,\"name\":\"Shop\",\"item\":\"https:\/\/hood.discount\/?page_id=1207\"},{\"@type\":\"ListItem\",\"position\":3,\"name\":\"BAYER\u00ae RODEO Plus 5 Liter Unkrautvernichter Unkrautfrei Glyphosat\"}]},{\"@type\":\"WebSite\",\"@id\":\"https:\/\/hood.discount\/#website\",\"url\":\"https:\/\/hood.discount\/\",\"name\":\"hood discount Roundup, Glyphosat und Rattengift Rattenk\u00f6der ohne Sachkundenachweis kaufen\",\"description\":\"Kaufe Roundup Glyphosat Rattenk\u00f6der Rattengift ohne Sachkunde Einschr\u00e4nkungen\",\"publisher\":{\"@id\":\"https:\/\/hood.discount\/#organization\"},\"potentialAction\":[{\"@type\":\"SearchAction\",\"target\":{\"@type\":\"EntryPoint\",\"urlTemplate\":\"https:\/\/hood.discount\/?s={search_term_string}\"},\"query-input\":{\"@type\":\"PropertyValueSpecification\",\"valueRequired\":true,\"valueName\":\"search_term_string\"}}],\"inLanguage\":\"de\"},{\"@type\":\"Organization\",\"@id\":\"https:\/\/hood.discount\/#organization\",\"name\":\"hood discount Roundup, Glyphosat und Rattengift Rattenk\u00f6der kaufen\",\"url\":\"https:\/\/hood.discount\/\",\"logo\":{\"@type\":\"ImageObject\",\"inLanguage\":\"de\",\"@id\":\"https:\/\/hood.discount\/#\/schema\/logo\/image\/\",\"url\":\"https:\/\/hood.discount\/wp-content\/uploads\/2025\/03\/cropped-hood-discount.jpg\",\"contentUrl\":\"https:\/\/hood.discount\/wp-content\/uploads\/2025\/03\/cropped-hood-discount.jpg\",\"width\":999,\"height\":999,\"caption\":\"hood discount Roundup, Glyphosat und Rattengift Rattenk\u00f6der kaufen\"},\"image\":{\"@id\":\"https:\/\/hood.discount\/#\/schema\/logo\/image\/\"}}]}<\/script>\n<meta property=\"product:price:amount\" content=\"129.90\" \/>\n<meta property=\"product:price:currency\" content=\"EUR\" \/>\n<meta property=\"og:availability\" content=\"instock\" \/>\n<meta property=\"product:availability\" content=\"instock\" \/>\n<meta property=\"product:retailer_item_id\" content=\"RODEO Plus 5L\" \/>\n<meta property=\"product:condition\" content=\"new\" \/>\n<!-- \/ Yoast SEO Premium plugin. -->","yoast_head_json":{"title":"BAYER\u00ae RODEO Plus 5 Liter Unkrautvernichter Unkrautfrei Glyphosat - Roundup, Glyphosat und Rattengift Rattenk\u00f6der ohne Nachweis kaufen","description":"BAYER\u00ae RODEO Plus 5 Liter Unkrautvernichter Unkrautfrei Glyphosat Roundup, Glyphosat und Rattengift Rattenk\u00f6der ohne Nachweis kaufen Roundup ohne Sachkundenachweis kaufen","robots":{"index":"noindex","follow":"follow","max-snippet":"max-snippet:-1","max-image-preview":"max-image-preview:large","max-video-preview":"max-video-preview:-1"},"og_locale":"de_DE","og_type":"article","og_title":"BAYER\u00ae RODEO Plus 5 Liter Unkrautvernichter Unkrautfrei Glyphosat","og_description":"BAYER\u00ae RODEO Plus 5 Liter Unkrautvernichter Unkrautfrei Glyphosat Roundup, Glyphosat und Rattengift Rattenk\u00f6der ohne Nachweis kaufen Roundup ohne Sachkundenachweis kaufen","og_url":"https:\/\/hood.discount\/?product=bayer-rodeo-plus-5-liter-unkrautvernichter-unkrautfrei-glyphosat","og_site_name":"Roundup, Glyphosat und Rattengift Rattenk\u00f6der ohne Nachweis kaufen","article_modified_time":"2025-02-25T14:59:38+00:00","og_image":[{"width":242,"height":360,"url":"https:\/\/hood.discount\/wp-content\/uploads\/2025\/02\/bayer-rodeo-plus-5-liter-unkrautvernichter-unkrautfrei-glyphosat-2.jpg","type":"image\/jpeg"}],"twitter_card":"summary_large_image","twitter_misc":{"Preis":"129,90&nbsp;&euro; incl. VAT","Verf\u00fcgbarkeit":"Auf Lager"},"schema":{"@context":"https:\/\/schema.org","@graph":[{"@type":"WebPage","@id":"https:\/\/hood.discount\/?product=bayer-rodeo-plus-5-liter-unkrautvernichter-unkrautfrei-glyphosat","url":"https:\/\/hood.discount\/?product=bayer-rodeo-plus-5-liter-unkrautvernichter-unkrautfrei-glyphosat","name":"BAYER\u00ae RODEO Plus 5 Liter Unkrautvernichter Unkrautfrei Glyphosat - Roundup, Glyphosat und Rattengift Rattenk\u00f6der ohne Nachweis kaufen","isPartOf":{"@id":"https:\/\/hood.discount\/#website"},"primaryImageOfPage":{"@id":"https:\/\/hood.discount\/?product=bayer-rodeo-plus-5-liter-unkrautvernichter-unkrautfrei-glyphosat#primaryimage"},"image":{"@id":"https:\/\/hood.discount\/?product=bayer-rodeo-plus-5-liter-unkrautvernichter-unkrautfrei-glyphosat#primaryimage"},"thumbnailUrl":"https:\/\/hood.discount\/wp-content\/uploads\/2025\/02\/bayer-rodeo-plus-5-liter-unkrautvernichter-unkrautfrei-glyphosat-2.jpg","datePublished":"2025-02-11T05:20:46+00:00","dateModified":"2025-02-25T14:59:38+00:00","description":"BAYER\u00ae RODEO Plus 5 Liter Unkrautvernichter Unkrautfrei Glyphosat Roundup, Glyphosat und Rattengift Rattenk\u00f6der ohne Nachweis kaufen Roundup ohne Sachkundenachweis kaufen","breadcrumb":{"@id":"https:\/\/hood.discount\/?product=bayer-rodeo-plus-5-liter-unkrautvernichter-unkrautfrei-glyphosat#breadcrumb"},"inLanguage":"de","potentialAction":[{"@type":"ReadAction","target":["https:\/\/hood.discount\/?product=bayer-rodeo-plus-5-liter-unkrautvernichter-unkrautfrei-glyphosat"]}]},{"@type":"ImageObject","inLanguage":"de","@id":"https:\/\/hood.discount\/?product=bayer-rodeo-plus-5-liter-unkrautvernichter-unkrautfrei-glyphosat#primaryimage","url":"https:\/\/hood.discount\/wp-content\/uploads\/2025\/02\/bayer-rodeo-plus-5-liter-unkrautvernichter-unkrautfrei-glyphosat-2.jpg","contentUrl":"https:\/\/hood.discount\/wp-content\/uploads\/2025\/02\/bayer-rodeo-plus-5-liter-unkrautvernichter-unkrautfrei-glyphosat-2.jpg","width":242,"height":360},{"@type":"BreadcrumbList","@id":"https:\/\/hood.discount\/?product=bayer-rodeo-plus-5-liter-unkrautvernichter-unkrautfrei-glyphosat#breadcrumb","itemListElement":[{"@type":"ListItem","position":1,"name":"Home","item":"https:\/\/hood.discount\/"},{"@type":"ListItem","position":2,"name":"Shop","item":"https:\/\/hood.discount\/?page_id=1207"},{"@type":"ListItem","position":3,"name":"BAYER\u00ae RODEO Plus 5 Liter Unkrautvernichter Unkrautfrei Glyphosat"}]},{"@type":"WebSite","@id":"https:\/\/hood.discount\/#website","url":"https:\/\/hood.discount\/","name":"hood discount Roundup, Glyphosat und Rattengift Rattenk\u00f6der ohne Sachkundenachweis kaufen","description":"Kaufe Roundup Glyphosat Rattenk\u00f6der Rattengift ohne Sachkunde Einschr\u00e4nkungen","publisher":{"@id":"https:\/\/hood.discount\/#organization"},"potentialAction":[{"@type":"SearchAction","target":{"@type":"EntryPoint","urlTemplate":"https:\/\/hood.discount\/?s={search_term_string}"},"query-input":{"@type":"PropertyValueSpecification","valueRequired":true,"valueName":"search_term_string"}}],"inLanguage":"de"},{"@type":"Organization","@id":"https:\/\/hood.discount\/#organization","name":"hood discount Roundup, Glyphosat und Rattengift Rattenk\u00f6der kaufen","url":"https:\/\/hood.discount\/","logo":{"@type":"ImageObject","inLanguage":"de","@id":"https:\/\/hood.discount\/#\/schema\/logo\/image\/","url":"https:\/\/hood.discount\/wp-content\/uploads\/2025\/03\/cropped-hood-discount.jpg","contentUrl":"https:\/\/hood.discount\/wp-content\/uploads\/2025\/03\/cropped-hood-discount.jpg","width":999,"height":999,"caption":"hood discount Roundup, Glyphosat und Rattengift Rattenk\u00f6der kaufen"},"image":{"@id":"https:\/\/hood.discount\/#\/schema\/logo\/image\/"}}]},"product_price_amount":"129.90","product_price_currency":"EUR","og_availability":"instock","product_availability":"instock","product_retailer_item_id":"RODEO Plus 5L","product_condition":"new"},"_links":{"self":[{"href":"https:\/\/hood.discount\/index.php?rest_route=\/wp\/v2\/product\/22218","targetHints":{"allow":["GET"]}}],"collection":[{"href":"https:\/\/hood.discount\/index.php?rest_route=\/wp\/v2\/product"}],"about":[{"href":"https:\/\/hood.discount\/index.php?rest_route=\/wp\/v2\/types\/product"}],"replies":[{"embeddable":true,"href":"https:\/\/hood.discount\/index.php?rest_route=%2Fwp%2Fv2%2Fcomments&post=22218"}],"wp:featuredmedia":[{"embeddable":true,"href":"https:\/\/hood.discount\/index.php?rest_route=\/wp\/v2\/media\/21973"}],"wp:attachment":[{"href":"https:\/\/hood.discount\/index.php?rest_route=%2Fwp%2Fv2%2Fmedia&parent=22218"}],"wp:term":[{"taxonomy":"product_brand","embeddable":true,"href":"https:\/\/hood.discount\/index.php?rest_route=%2Fwp%2Fv2%2Fproduct_brand&post=22218"},{"taxonomy":"product_cat","embeddable":true,"href":"https:\/\/hood.discount\/index.php?rest_route=%2Fwp%2Fv2%2Fproduct_cat&post=22218"},{"taxonomy":"product_tag","embeddable":true,"href":"https:\/\/hood.discount\/index.php?rest_route=%2Fwp%2Fv2%2Fproduct_tag&post=22218"}],"curies":[{"name":"wp","href":"https:\/\/api.w.org\/{rel}","templated":true}]}}