{"id":22195,"date":"2025-02-11T05:20:42","date_gmt":"2025-02-11T05:20:42","guid":{"rendered":"https:\/\/hood.discount\/?post_type=product&#038;p=22195"},"modified":"2025-02-25T14:59:39","modified_gmt":"2025-02-25T14:59:39","slug":"rodent-uv-detector-plus","status":"publish","type":"product","link":"https:\/\/hood.discount\/?product=rodent-uv-detector-plus","title":{"rendered":"Rodent UV-Detector plus+"},"content":{"rendered":"<p><span style=\"color: #0000ff;\"><strong>Verabschieden Sie sich von Nagetieren!<\/strong><\/span><\/p>\n<p><span style=\"color: #0000ff;\"><strong> Der Rodent UV-Detektor plus+ ist die ultimative L\u00f6sung gegen unerw\u00fcnschte Besucher. <\/strong><\/span><\/p>\n<p><span style=\"color: #0000ff;\"><strong>Holen Sie sich die Macht des Schwarzlichts<\/strong> <\/span><\/p>\n","protected":false},"excerpt":{"rendered":"<p><strong> UV LED Taschenlampe SuperRodent UV-Detector plus+\u00a0 Power Schwarzlicht<\/strong><\/p>\n<p>Man kann sie lieben oder hassen, aber man muss sie respektieren.\u00a0 Ratten und M\u00e4use sind mit ihren &#8222;Ninja&#8220;-\u00e4hnlichen F\u00e4higkeiten so gut wie unsichtbar und k\u00f6nnen eindringen und verschwinden, ohne eine Spur zu hinterlassen&#8230;. oder doch nicht?<\/p>\n<p>Diese professionelle, UV-basierte Nagetier-Detektorlampe hilft Ihnen, Nagetieraktivit\u00e4ten und -ausl\u00e4ufe auf den meisten Oberfl\u00e4chen zu erkennen und, was noch wichtiger ist, ihre Ein- und Ausg\u00e4nge zu lokalisieren.<\/p>\n<p>Ratten, M\u00e4use, Hamster, Eichh\u00f6rnchen und sogar Meerschweinchen hinterlassen zudem unsichtbare Urinspuren, Koth\u00e4ufchen und lose Haare, die mit diesem Detektor sichtbar gemacht werden k\u00f6nnen.<\/p>\n<p>Ganz gleich, ob es sich um eine Scheune voller Ratten, M\u00e4use in der K\u00fcche oder einen entlaufenen Hamster handelt &#8211; wenn Sie sich Sorgen um Nagetiere in Ihrem Haus oder Unternehmen machen, ist der Einsatz dieser UV-Forensik-Lampe eine sichere und wirksame Methode zur Identifizierung und Aufsp\u00fcrung dieser Sch\u00e4dlinge und ein hilfreiches Instrument zur Bek\u00e4mpfung der Plage.<\/p>\n<p>Einer der Hauptgr\u00fcnde, warum der Rodent UV-Detector plus+ der beste Ungezieferdetektor auf dem Markt ist, sind die hochwertigen, in Deutschland hergestellten UV-LEDs, die verbaut sind, zusammen mit unserem einzigartigen <strong>UV PRO Filter<\/strong>, der <strong>99% des sichtbaren St\u00f6rlichts entfernt<\/strong>, so dass Sie nur das Leuchten der Substanz oder des Oberfl\u00e4chenmaterials sehen, welche das unsichtbares UV-Licht aussenden.<\/p>\n<p>Diese tolle Kombination sorgt f\u00fcr gleichbleibend professionelle Ergebnisse zu einem erschwinglichen Preis.<\/p>\n<p>Rodent UV-Detector plus+ sp\u00fcrt alle Nager auf, insbesonders&#8230;<\/p>\n<p>Ratten<\/p>\n<p>M\u00e4use<\/p>\n<p>W\u00fcstenrennm\u00e4use<\/p>\n<p>Hamster<\/p>\n<p>Eichh\u00f6rnchen<\/p>\n<p><strong><span style=\"color: #0000ff;\">Kompakte und langlebige UV-Taschenlampe zur Verwendung mit fluoreszierendem Nagespurenpulver oder Monitoringprodukten.<\/span><\/strong><\/p>\n<p><strong><span style=\"color: #0000ff;\">Mit 12 LED\u2019s.<\/span><\/strong><\/p>\n<p><strong><span style=\"color: #0000ff;\">Im Lieferumfang sind ebenfalls AAA Batterien enthalten.<\/span><\/strong><\/p>\n<p>&nbsp;<\/p>\n","protected":false},"featured_media":21854,"comment_status":"closed","ping_status":"closed","template":"","meta":[],"product_brand":[],"product_cat":[20],"product_tag":[],"class_list":{"0":"post-22195","1":"product","2":"type-product","3":"status-publish","4":"has-post-thumbnail","6":"product_cat-ratten-lokalisieren-und-bekampfen","8":"first","9":"instock","10":"taxable","11":"shipping-taxable","12":"purchasable","13":"product-type-simple"},"yoast_head":"<!-- This site is optimized with the Yoast SEO Premium plugin v27.1 (Yoast SEO v27.1.1) - https:\/\/yoast.com\/product\/yoast-seo-premium-wordpress\/ -->\n<title>Rodent UV-Detector plus+: Aufsp\u00fcren und Spuren von Nagetieren - Roundup, Glyphosat und Rattengift Rattenk\u00f6der ohne Nachweis kaufen<\/title>\n<meta name=\"description\" content=\"Verabschieden Sie sich von Nagetieren! Der Rodent UV-Detektor plus+ ist die ultimative L\u00f6sung gegen unerw\u00fcnschte Besucher. Holen Sie sich die Macht des Schwarzlichts \ud83d\udd26\" \/>\n<meta name=\"robots\" content=\"noindex, follow, max-snippet:-1, max-image-preview:large, max-video-preview:-1\" \/>\n<meta property=\"og:locale\" content=\"de_DE\" \/>\n<meta property=\"og:type\" content=\"article\" \/>\n<meta property=\"og:title\" content=\"Rodent UV-Detector plus+\" \/>\n<meta property=\"og:description\" content=\"Verabschieden Sie sich von Nagetieren! Der Rodent UV-Detektor plus+ ist die ultimative L\u00f6sung gegen unerw\u00fcnschte Besucher. Holen Sie sich die Macht des Schwarzlichts \ud83d\udd26\" \/>\n<meta property=\"og:url\" content=\"https:\/\/hood.discount\/?product=rodent-uv-detector-plus\" \/>\n<meta property=\"og:site_name\" content=\"Roundup, Glyphosat und Rattengift Rattenk\u00f6der ohne Nachweis kaufen\" \/>\n<meta property=\"article:modified_time\" content=\"2025-02-25T14:59:39+00:00\" \/>\n<meta property=\"og:image\" content=\"https:\/\/hood.discount\/wp-content\/uploads\/2025\/02\/titel.jpg\" \/>\n\t<meta property=\"og:image:width\" content=\"500\" \/>\n\t<meta property=\"og:image:height\" content=\"500\" \/>\n\t<meta property=\"og:image:type\" content=\"image\/jpeg\" \/>\n<meta name=\"twitter:card\" content=\"summary_large_image\" \/>\n<meta name=\"twitter:label1\" content=\"Preis\" \/>\n\t<meta name=\"twitter:data1\" content=\"49,90&nbsp;&euro; incl. VAT\" \/>\n\t<meta name=\"twitter:label2\" content=\"Verf\u00fcgbarkeit\" \/>\n\t<meta name=\"twitter:data2\" content=\"Auf Lager\" \/>\n<script type=\"application\/ld+json\" class=\"yoast-schema-graph\">{\"@context\":\"https:\/\/schema.org\",\"@graph\":[{\"@type\":\"WebPage\",\"@id\":\"https:\/\/hood.discount\/?product=rodent-uv-detector-plus\",\"url\":\"https:\/\/hood.discount\/?product=rodent-uv-detector-plus\",\"name\":\"Rodent UV-Detector plus+: Aufsp\u00fcren und Spuren von Nagetieren - Roundup, Glyphosat und Rattengift Rattenk\u00f6der ohne Nachweis kaufen\",\"isPartOf\":{\"@id\":\"https:\/\/hood.discount\/#website\"},\"primaryImageOfPage\":{\"@id\":\"https:\/\/hood.discount\/?product=rodent-uv-detector-plus#primaryimage\"},\"image\":{\"@id\":\"https:\/\/hood.discount\/?product=rodent-uv-detector-plus#primaryimage\"},\"thumbnailUrl\":\"https:\/\/hood.discount\/wp-content\/uploads\/2025\/02\/titel.jpg\",\"datePublished\":\"2025-02-11T05:20:42+00:00\",\"dateModified\":\"2025-02-25T14:59:39+00:00\",\"description\":\"Verabschieden Sie sich von Nagetieren! Der Rodent UV-Detektor plus+ ist die ultimative L\u00f6sung gegen unerw\u00fcnschte Besucher. Holen Sie sich die Macht des Schwarzlichts \ud83d\udd26\",\"breadcrumb\":{\"@id\":\"https:\/\/hood.discount\/?product=rodent-uv-detector-plus#breadcrumb\"},\"inLanguage\":\"de\",\"potentialAction\":[{\"@type\":\"ReadAction\",\"target\":[\"https:\/\/hood.discount\/?product=rodent-uv-detector-plus\"]}]},{\"@type\":\"ImageObject\",\"inLanguage\":\"de\",\"@id\":\"https:\/\/hood.discount\/?product=rodent-uv-detector-plus#primaryimage\",\"url\":\"https:\/\/hood.discount\/wp-content\/uploads\/2025\/02\/titel.jpg\",\"contentUrl\":\"https:\/\/hood.discount\/wp-content\/uploads\/2025\/02\/titel.jpg\",\"width\":500,\"height\":500},{\"@type\":\"BreadcrumbList\",\"@id\":\"https:\/\/hood.discount\/?product=rodent-uv-detector-plus#breadcrumb\",\"itemListElement\":[{\"@type\":\"ListItem\",\"position\":1,\"name\":\"Home\",\"item\":\"https:\/\/hood.discount\/\"},{\"@type\":\"ListItem\",\"position\":2,\"name\":\"Shop\",\"item\":\"https:\/\/hood.discount\/?page_id=1207\"},{\"@type\":\"ListItem\",\"position\":3,\"name\":\"Rodent UV-Detector plus+\"}]},{\"@type\":\"WebSite\",\"@id\":\"https:\/\/hood.discount\/#website\",\"url\":\"https:\/\/hood.discount\/\",\"name\":\"hood discount Roundup, Glyphosat und Rattengift Rattenk\u00f6der ohne Sachkundenachweis kaufen\",\"description\":\"Kaufe Roundup Glyphosat Rattenk\u00f6der Rattengift ohne Sachkunde Einschr\u00e4nkungen\",\"publisher\":{\"@id\":\"https:\/\/hood.discount\/#organization\"},\"potentialAction\":[{\"@type\":\"SearchAction\",\"target\":{\"@type\":\"EntryPoint\",\"urlTemplate\":\"https:\/\/hood.discount\/?s={search_term_string}\"},\"query-input\":{\"@type\":\"PropertyValueSpecification\",\"valueRequired\":true,\"valueName\":\"search_term_string\"}}],\"inLanguage\":\"de\"},{\"@type\":\"Organization\",\"@id\":\"https:\/\/hood.discount\/#organization\",\"name\":\"hood discount Roundup, Glyphosat und Rattengift Rattenk\u00f6der kaufen\",\"url\":\"https:\/\/hood.discount\/\",\"logo\":{\"@type\":\"ImageObject\",\"inLanguage\":\"de\",\"@id\":\"https:\/\/hood.discount\/#\/schema\/logo\/image\/\",\"url\":\"https:\/\/hood.discount\/wp-content\/uploads\/2025\/03\/cropped-hood-discount.jpg\",\"contentUrl\":\"https:\/\/hood.discount\/wp-content\/uploads\/2025\/03\/cropped-hood-discount.jpg\",\"width\":999,\"height\":999,\"caption\":\"hood discount Roundup, Glyphosat und Rattengift Rattenk\u00f6der kaufen\"},\"image\":{\"@id\":\"https:\/\/hood.discount\/#\/schema\/logo\/image\/\"}}]}<\/script>\n<meta property=\"product:price:amount\" content=\"49.90\" \/>\n<meta property=\"product:price:currency\" content=\"EUR\" \/>\n<meta property=\"og:availability\" content=\"instock\" \/>\n<meta property=\"product:availability\" content=\"instock\" \/>\n<meta property=\"product:retailer_item_id\" content=\"UV Torch\" \/>\n<meta property=\"product:condition\" content=\"new\" \/>\n<!-- \/ Yoast SEO Premium plugin. -->","yoast_head_json":{"title":"Rodent UV-Detector plus+: Aufsp\u00fcren und Spuren von Nagetieren - Roundup, Glyphosat und Rattengift Rattenk\u00f6der ohne Nachweis kaufen","description":"Verabschieden Sie sich von Nagetieren! Der Rodent UV-Detektor plus+ ist die ultimative L\u00f6sung gegen unerw\u00fcnschte Besucher. Holen Sie sich die Macht des Schwarzlichts \ud83d\udd26","robots":{"index":"noindex","follow":"follow","max-snippet":"max-snippet:-1","max-image-preview":"max-image-preview:large","max-video-preview":"max-video-preview:-1"},"og_locale":"de_DE","og_type":"article","og_title":"Rodent UV-Detector plus+","og_description":"Verabschieden Sie sich von Nagetieren! Der Rodent UV-Detektor plus+ ist die ultimative L\u00f6sung gegen unerw\u00fcnschte Besucher. Holen Sie sich die Macht des Schwarzlichts \ud83d\udd26","og_url":"https:\/\/hood.discount\/?product=rodent-uv-detector-plus","og_site_name":"Roundup, Glyphosat und Rattengift Rattenk\u00f6der ohne Nachweis kaufen","article_modified_time":"2025-02-25T14:59:39+00:00","og_image":[{"width":500,"height":500,"url":"https:\/\/hood.discount\/wp-content\/uploads\/2025\/02\/titel.jpg","type":"image\/jpeg"}],"twitter_card":"summary_large_image","twitter_misc":{"Preis":"49,90&nbsp;&euro; incl. VAT","Verf\u00fcgbarkeit":"Auf Lager"},"schema":{"@context":"https:\/\/schema.org","@graph":[{"@type":"WebPage","@id":"https:\/\/hood.discount\/?product=rodent-uv-detector-plus","url":"https:\/\/hood.discount\/?product=rodent-uv-detector-plus","name":"Rodent UV-Detector plus+: Aufsp\u00fcren und Spuren von Nagetieren - Roundup, Glyphosat und Rattengift Rattenk\u00f6der ohne Nachweis kaufen","isPartOf":{"@id":"https:\/\/hood.discount\/#website"},"primaryImageOfPage":{"@id":"https:\/\/hood.discount\/?product=rodent-uv-detector-plus#primaryimage"},"image":{"@id":"https:\/\/hood.discount\/?product=rodent-uv-detector-plus#primaryimage"},"thumbnailUrl":"https:\/\/hood.discount\/wp-content\/uploads\/2025\/02\/titel.jpg","datePublished":"2025-02-11T05:20:42+00:00","dateModified":"2025-02-25T14:59:39+00:00","description":"Verabschieden Sie sich von Nagetieren! Der Rodent UV-Detektor plus+ ist die ultimative L\u00f6sung gegen unerw\u00fcnschte Besucher. Holen Sie sich die Macht des Schwarzlichts \ud83d\udd26","breadcrumb":{"@id":"https:\/\/hood.discount\/?product=rodent-uv-detector-plus#breadcrumb"},"inLanguage":"de","potentialAction":[{"@type":"ReadAction","target":["https:\/\/hood.discount\/?product=rodent-uv-detector-plus"]}]},{"@type":"ImageObject","inLanguage":"de","@id":"https:\/\/hood.discount\/?product=rodent-uv-detector-plus#primaryimage","url":"https:\/\/hood.discount\/wp-content\/uploads\/2025\/02\/titel.jpg","contentUrl":"https:\/\/hood.discount\/wp-content\/uploads\/2025\/02\/titel.jpg","width":500,"height":500},{"@type":"BreadcrumbList","@id":"https:\/\/hood.discount\/?product=rodent-uv-detector-plus#breadcrumb","itemListElement":[{"@type":"ListItem","position":1,"name":"Home","item":"https:\/\/hood.discount\/"},{"@type":"ListItem","position":2,"name":"Shop","item":"https:\/\/hood.discount\/?page_id=1207"},{"@type":"ListItem","position":3,"name":"Rodent UV-Detector plus+"}]},{"@type":"WebSite","@id":"https:\/\/hood.discount\/#website","url":"https:\/\/hood.discount\/","name":"hood discount Roundup, Glyphosat und Rattengift Rattenk\u00f6der ohne Sachkundenachweis kaufen","description":"Kaufe Roundup Glyphosat Rattenk\u00f6der Rattengift ohne Sachkunde Einschr\u00e4nkungen","publisher":{"@id":"https:\/\/hood.discount\/#organization"},"potentialAction":[{"@type":"SearchAction","target":{"@type":"EntryPoint","urlTemplate":"https:\/\/hood.discount\/?s={search_term_string}"},"query-input":{"@type":"PropertyValueSpecification","valueRequired":true,"valueName":"search_term_string"}}],"inLanguage":"de"},{"@type":"Organization","@id":"https:\/\/hood.discount\/#organization","name":"hood discount Roundup, Glyphosat und Rattengift Rattenk\u00f6der kaufen","url":"https:\/\/hood.discount\/","logo":{"@type":"ImageObject","inLanguage":"de","@id":"https:\/\/hood.discount\/#\/schema\/logo\/image\/","url":"https:\/\/hood.discount\/wp-content\/uploads\/2025\/03\/cropped-hood-discount.jpg","contentUrl":"https:\/\/hood.discount\/wp-content\/uploads\/2025\/03\/cropped-hood-discount.jpg","width":999,"height":999,"caption":"hood discount Roundup, Glyphosat und Rattengift Rattenk\u00f6der kaufen"},"image":{"@id":"https:\/\/hood.discount\/#\/schema\/logo\/image\/"}}]},"product_price_amount":"49.90","product_price_currency":"EUR","og_availability":"instock","product_availability":"instock","product_retailer_item_id":"UV Torch","product_condition":"new"},"_links":{"self":[{"href":"https:\/\/hood.discount\/index.php?rest_route=\/wp\/v2\/product\/22195","targetHints":{"allow":["GET"]}}],"collection":[{"href":"https:\/\/hood.discount\/index.php?rest_route=\/wp\/v2\/product"}],"about":[{"href":"https:\/\/hood.discount\/index.php?rest_route=\/wp\/v2\/types\/product"}],"replies":[{"embeddable":true,"href":"https:\/\/hood.discount\/index.php?rest_route=%2Fwp%2Fv2%2Fcomments&post=22195"}],"wp:featuredmedia":[{"embeddable":true,"href":"https:\/\/hood.discount\/index.php?rest_route=\/wp\/v2\/media\/21854"}],"wp:attachment":[{"href":"https:\/\/hood.discount\/index.php?rest_route=%2Fwp%2Fv2%2Fmedia&parent=22195"}],"wp:term":[{"taxonomy":"product_brand","embeddable":true,"href":"https:\/\/hood.discount\/index.php?rest_route=%2Fwp%2Fv2%2Fproduct_brand&post=22195"},{"taxonomy":"product_cat","embeddable":true,"href":"https:\/\/hood.discount\/index.php?rest_route=%2Fwp%2Fv2%2Fproduct_cat&post=22195"},{"taxonomy":"product_tag","embeddable":true,"href":"https:\/\/hood.discount\/index.php?rest_route=%2Fwp%2Fv2%2Fproduct_tag&post=22195"}],"curies":[{"name":"wp","href":"https:\/\/api.w.org\/{rel}","templated":true}]}}